7962.
2, 2153981
List the prime factors of 3947219.
29, 136111
What are the prime factors of 21139142?
2, 10569571
What are the prime factors of 345336?
2, 3, 14389
What are the prime factors of 1038735?
3, 5, 41, 563
List the prime factors of 205888.
2, 3217
List the prime factors of 2149905.
3, 5, 17, 8431
List the prime factors of 2751233.
103, 26711
What are the prime factors of 278682?
2, 3, 46447
List the prime factors of 24760085.
5, 7, 707431
What are the prime factors of 1608745?
5, 31, 97, 107
List the prime factors of 344179.
11, 67, 467
List the prime factors of 2471369.
101, 24469
List the prime factors of 2251819.
2251819
What are the prime factors of 12681960?
2, 3, 5, 105683
What are the prime factors of 421921?
29, 14549
List the prime factors of 21261754.
2, 37, 287321
List the prime factors of 37708.
2, 11, 857
List the prime factors of 247339.
247339
List the prime factors of 15515.
5, 29, 107
List the prime factors of 746707.
13, 71, 809
What are the prime factors of 1641383?
79, 263
List the prime factors of 10956661.
10956661
List the prime factors of 19763.
19763
List the prime factors of 959940.
2, 3, 5, 5333
What are the prime factors of 1572151?
7, 107, 2099
List the prime factors of 6466694.
2, 13, 248719
What are the prime factors of 11051725?
5, 442069
What are the prime factors of 293454?
2, 3, 7, 17, 137
What are the prime factors of 11590784?
2, 83, 1091
What are the prime factors of 299994?
2, 3, 49999
What are the prime factors of 650211?
3, 73, 2969
List the prime factors of 2390737.
2390737
What are the prime factors of 1266666?
2, 3, 107, 1973
What are the prime factors of 2835836?
2, 708959
List the prime factors of 1128678.
2, 3, 313, 601
What are the prime factors of 3976581?
3, 7, 189361
List the prime factors of 251870.
2, 5, 89, 283
What are the prime factors of 2220220?
2, 5, 31, 3581
List the prime factors of 18509699.
13, 599, 2377
List the prime factors of 432144.
2, 3, 3001
List the prime factors of 140305.
5, 11, 2551
What are the prime factors of 7349733?
3, 83, 9839
What are the prime factors of 19205624?
2, 2400703
List the prime factors of 330894.
2, 3, 31, 593
What are the prime factors of 1820065?
5, 13, 28001
List the prime factors of 34224765.
3, 5, 2281651
List the prime factors of 27758861.
13, 23, 263, 353
List the prime factors of 1439239.
1439239
What are the prime factors of 618269?
618269
What are the prime factors of 65218?
2, 32609
What are the prime factors of 540272?
2, 33767
List the prime factors of 180080.
2, 5, 2251
What are the prime factors of 231282?
2, 3, 4283
What are the prime factors of 848448?
2, 3, 491
What are the prime factors of 211110?
2, 3, 5, 31, 227
What are the prime factors of 11009500?
2, 5, 97, 227
What are the prime factors of 99286?
2, 11, 4513
What are the prime factors of 2875018?
2, 197, 7297
List the prime factors of 284779.
11, 25889
List the prime factors of 2477.
2477
List the prime factors of 394961.
7, 17, 3319
What are the prime factors of 1048018?
2, 23, 22783
List the prime factors of 846513.
3, 94057
What are the prime factors of 3236178?
2, 3, 11, 49033
List the prime factors of 2050404.
2, 3, 17, 19, 23
What are the prime factors of 18449823?
3, 7, 125509
What are the prime factors of 296232?
2, 3, 12343
List the prime factors of 301122.
2, 3, 16729
What are the prime factors of 5188099?
7, 41, 18077
What are the prime factors of 180991?
241, 751
List the prime factors of 1683904.
2, 83, 317
What are the prime factors of 75419?
53, 1423
List the prime factors of 7184652.
2, 3, 598721
What are the prime factors of 401840?
2, 5, 5023
List the prime factors of 1075899.
3, 11, 32603
List the prime factors of 16390565.
5, 3278113
What are the prime factors of 5489491?
7, 784213
List the prime factors of 6068669.
6068669
List the prime factors of 2655843.
3, 857, 1033
List the prime factors of 485926.
2, 7, 61, 569
List the prime factors of 1517969.
709, 2141
List the prime factors of 7096448.
2, 55441
List the prime factors of 578862.
2, 3, 32159
List the prime factors of 6242873.
7, 13, 31, 2213
List the prime factors of 3546744.
2, 3, 17, 8693
List the prime factors of 1313027.
1129, 1163
List the prime factors of 21382087.
19, 179, 6287
What are the prime factors of 9990843?
3, 3330281
What are the prime factors of 504609?
3, 7, 24029
List the prime factors of 1318720.
2, 5, 13, 317
List the prime factors of 9595.
5, 19, 101
List the prime factors of 10308520.
2, 5, 257713
List the prime factors of 6234271.
1153, 5407
What are the prime factors of 552117?
3, 184039
What are the prime factors of 14963455?
5, 13, 23, 10009
What are the prime factors of 11140045?
5, 7, 318287
What are the prime factors of 194779?
13, 14983
List the prime factors of 685913.
293, 2341
What are the prime factors of 2575920?
2, 3, 5, 10733
What are the prime factors of 1094142?
2, 3, 7, 109, 239
What are the prime factors of 8591853?
3, 2863951
What are the prime factors of 293096?
2, 36637
What are the prime factors of 329043?
3, 11, 13, 59
What are the prime factors of 6354992?
2, 7, 23, 2467
What are the prime factors of 209716?
2, 13, 37, 109
What are the prime factors of 2140690?
2, 5, 214069
What are the prime factors of 5754288?
2, 3, 119881
What are the prime factors of 805398?
2, 3, 11, 12203
What are the prime factors of 303884?
2, 7, 10853
List the prime factors of 3755459.
3755459
What are the prime factors of 4470588?
2, 3, 124183
List the prime factors of 241670.
2, 5, 11, 13
What are the prime factors of 346165?
5, 69233
List the prime factors of 219691.
17, 12923
List the prime factors of 440469.
3, 109, 449
What are the prime factors of 964512?
2, 3, 17, 197
List the prime factors of 13247754.
2, 3, 13, 169843
What are the prime factors of 10750636?
2, 13, 79, 2617
List the prime factors of 2405273.
13, 185021
What are the prime factors of 4351394?
2, 137, 15881
What are the prime factors of 20247062?
2, 11, 223, 4127
List the prime factors of 6917976.
2, 3, 13, 19, 389
List the prime factors of 1471996.
2, 17, 21647
What are the prime factors of 200016?
2, 3, 463
List the prime factors of 341505.
3, 5, 7589
List the prime factors of 208190.
2, 5, 109, 191
What are the prime factors of 226936?
2, 19, 1493
List the prime factors of 28521404.
2, 41, 61, 2851
What are the prime factors of 24796216?
2, 19, 37, 4409
List the prime factors of 1946145.
3, 5, 23, 5641
What are the prime factors of 20290084?
2, 491, 10331
List the prime factors of 33917564.
2, 8479391
What are the prime factors of 4074942?
2, 3, 679157
What are the prime factors of 661351?
17, 38903
What are the prime factors of 27192542?
2, 13, 193, 5419
What are the prime factors of 497827?
11, 167, 271
What are the prime factors of 2109546?
2, 3, 163, 719
List the prime factors of 85469.
85469
List the prime factors of 266654.
2, 133327
What are the prime factors of 5446890?
2, 3, 5, 60521
What are the prime factors of 169980?
2, 3, 5, 2833
List the prime factors of 33000243.
3, 11000081
What are the prime factors of 163444?
2, 29, 1409
List the prime factors of 4966292.
2, 1241573
What are the prime factors of 4153256?
2, 31, 16747
List the prime factors of 317290.
2, 5, 31729
What are the prime factors of 49432?
2, 37, 167
List the prime factors of 63933.
3, 101, 211
List the prime factors of 1804044.
2, 3, 11, 79, 173
What are the prime factors of 175966?
2, 7, 12569
What are the prime factors of 965843?
965843
List the prime factors of 1775578.
2, 7, 126827
What are the prime factors of 16582256?
2, 1036391
What are the prime factors of 2052180?
2, 3, 5, 13, 877
List the prime factors of 308260.
2, 5, 15413
List the prime factors of 4732633.
37, 3457
List the prime factors of 28133658.
2, 3, 7, 223283
What are the prime factors of 571693?
17, 33629
List the prime factors of 16136905.
5, 29, 109, 1021
List the prime factors of 7827023.
41, 349, 547
List the prime factors of 16038574.
2, 1129, 7103
List the prime factors of 1075005.
3, 5, 7963
List the prime factors of 29649.
3, 9883
List the prime factors of 5062529.
5062529
What are the prime factors of 14724683?
14724683
List the prime factors of 220289.
43, 47, 109
What are the prime factors of 2038744?
2, 73, 3491
List th